[INFO] cloning repository https://github.com/m1el/tv-remote
[INFO] running `Command { std: "git" "-c" "credential.helper=" "-c" "credential.helper=/workspace/cargo-home/bin/git-credential-null" "clone" "--bare" "https://github.com/m1el/tv-remote" "/workspace/cache/git-repos/https%3A%2F%2Fgithub.com%2Fm1el%2Ftv-remote", kill_on_drop: false }`
[INFO] [stderr] Cloning into bare repository '/workspace/cache/git-repos/https%3A%2F%2Fgithub.com%2Fm1el%2Ftv-remote'...
[INFO] running `Command { std: "git" "rev-parse" "HEAD", kill_on_drop: false }`
[INFO] [stdout] 58919fba43ec288d1f6d6ea091ffe950f733b9c5
[INFO] checking m1el/tv-remote against master#af3c6e733a40e671550e0f0f5aeecaa13772ba56 for pr-74989
[INFO] running `Command { std: "git" "clone" "/workspace/cache/git-repos/https%3A%2F%2Fgithub.com%2Fm1el%2Ftv-remote" "/workspace/builds/worker-1/source", kill_on_drop: false }`
[INFO] [stderr] Cloning into '/workspace/builds/worker-1/source'...
[INFO] [stderr] done.
[INFO] validating manifest of git repo https://github.com/m1el/tv-remote on toolchain af3c6e733a40e671550e0f0f5aeecaa13772ba56
[INFO] running `Command { std: "/workspace/cargo-home/bin/cargo" "+af3c6e733a40e671550e0f0f5aeecaa13772ba56" "read-manifest" "--manifest-path" "Cargo.toml", kill_on_drop: false }`
[INFO] started tweaking git repo https://github.com/m1el/tv-remote
[INFO] finished tweaking git repo https://github.com/m1el/tv-remote
[INFO] tweaked toml for git repo https://github.com/m1el/tv-remote written to /workspace/builds/worker-1/source/Cargo.toml
[INFO] crate git repo https://github.com/m1el/tv-remote already has a lockfile, it will not be regenerated
[INFO] running `Command { std: "/workspace/cargo-home/bin/cargo" "+af3c6e733a40e671550e0f0f5aeecaa13772ba56" "fetch" "--locked" "--manifest-path" "Cargo.toml", kill_on_drop: false }`
[INFO] running `Command { std: "docker" "create" "-v" "/var/lib/crater-agent-workspace/builds/worker-1/target:/opt/rustwide/target:rw,Z" "-v" "/var/lib/crater-agent-workspace/builds/worker-1/source:/opt/rustwide/workdir:ro,Z" "-v" "/var/lib/crater-agent-workspace/cargo-home:/opt/rustwide/cargo-home:ro,Z" "-v" "/var/lib/crater-agent-workspace/rustup-home:/opt/rustwide/rustup-home:ro,Z" "-e" "SOURCE_DIR=/opt/rustwide/workdir" "-e" "CARGO_TARGET_DIR=/opt/rustwide/target" "-e" "CARGO_HOME=/opt/rustwide/cargo-home" "-e" "RUSTUP_HOME=/opt/rustwide/rustup-home" "-w" "/opt/rustwide/workdir" "-m" "1610612736" "--user" "0:0" "--network" "none" "rustops/crates-build-env@sha256:d92eaeed33fa75130ca1ee6c8a01d1ffb62bac859dfdfb3450e3e5d1c0146529" "/opt/rustwide/cargo-home/bin/cargo" "+af3c6e733a40e671550e0f0f5aeecaa13772ba56" "metadata" "--no-deps" "--format-version=1", kill_on_drop: false }`
[INFO] [stdout] 3a754ad770d13f57a48985ec1fbbdb34c6c01133925c5a2bad6ba786ea40d5c8
[INFO] [stderr] WARNING: Your kernel does not support swap limit capabilities or the cgroup is not mounted. Memory limited without swap.
[INFO] running `Command { std: "docker" "start" "-a" "3a754ad770d13f57a48985ec1fbbdb34c6c01133925c5a2bad6ba786ea40d5c8", kill_on_drop: false }`
[INFO] running `Command { std: "docker" "inspect" "3a754ad770d13f57a48985ec1fbbdb34c6c01133925c5a2bad6ba786ea40d5c8", kill_on_drop: false }`
[INFO] running `Command { std: "docker" "rm" "-f" "3a754ad770d13f57a48985ec1fbbdb34c6c01133925c5a2bad6ba786ea40d5c8", kill_on_drop: false }`
[INFO] [stdout] 3a754ad770d13f57a48985ec1fbbdb34c6c01133925c5a2bad6ba786ea40d5c8
[INFO] running `Command { std: "docker" "create" "-v" "/var/lib/crater-agent-workspace/builds/worker-1/target:/opt/rustwide/target:rw,Z" "-v" "/var/lib/crater-agent-workspace/builds/worker-1/source:/opt/rustwide/workdir:ro,Z" "-v" "/var/lib/crater-agent-workspace/cargo-home:/opt/rustwide/cargo-home:ro,Z" "-v" "/var/lib/crater-agent-workspace/rustup-home:/opt/rustwide/rustup-home:ro,Z" "-e" "SOURCE_DIR=/opt/rustwide/workdir" "-e" "CARGO_TARGET_DIR=/opt/rustwide/target" "-e" "CARGO_INCREMENTAL=0" "-e" "RUST_BACKTRACE=full" "-e" "RUSTFLAGS=--cap-lints=forbid" "-e" "CARGO_HOME=/opt/rustwide/cargo-home" "-e" "RUSTUP_HOME=/opt/rustwide/rustup-home" "-w" "/opt/rustwide/workdir" "-m" "1610612736" "--user" "0:0" "--network" "none" "rustops/crates-build-env@sha256:d92eaeed33fa75130ca1ee6c8a01d1ffb62bac859dfdfb3450e3e5d1c0146529" "/opt/rustwide/cargo-home/bin/cargo" "+af3c6e733a40e671550e0f0f5aeecaa13772ba56" "check" "--frozen" "--all" "--all-targets" "--message-format=json", kill_on_drop: false }`
[INFO] [stdout] 2669eec9bd7bd29c0bc5425534389262ef5aaf0defadaa85d5811044fd472fca
[INFO] [stderr] WARNING: Your kernel does not support swap limit capabilities or the cgroup is not mounted. Memory limited without swap.
[INFO] running `Command { std: "docker" "start" "-a" "2669eec9bd7bd29c0bc5425534389262ef5aaf0defadaa85d5811044fd472fca", kill_on_drop: false }`
[INFO] [stderr]     Checking cfg-if v0.1.10
[INFO] [stderr]    Compiling version_check v0.1.5
[INFO] [stderr]    Compiling typenum v1.11.2
[INFO] [stderr]    Compiling proc-macro-nested v0.1.4
[INFO] [stderr]    Compiling proc-macro-hack v0.5.15
[INFO] [stderr]     Checking byte-tools v0.3.1
[INFO] [stderr]     Checking futures-io v0.3.4
[INFO] [stderr]     Checking futures-task v0.3.4
[INFO] [stderr]     Checking fake-simd v0.1.2
[INFO] [stderr]    Compiling serde v1.0.106
[INFO] [stderr]    Compiling bitflags v1.2.1
[INFO] [stderr]     Checking base64 v0.11.0
[INFO] [stderr]    Compiling winapi v0.3.8
[INFO] [stderr]     Checking quick-error v1.2.3
[INFO] [stderr]     Checking base64 v0.12.0
[INFO] [stderr]     Checking dtoa v0.4.5
[INFO] [stderr]     Checking urlencoding v1.0.0
[INFO] [stderr]    Compiling proc-macro2 v1.0.10
[INFO] [stderr]     Checking http v0.2.1
[INFO] [stderr]     Checking input_buffer v0.3.1
[INFO] [stderr]     Checking futures-channel v0.3.4
[INFO] [stderr]     Checking unicode-normalization v0.1.12
[INFO] [stderr]     Checking block-padding v0.1.5
[INFO] [stderr]    Compiling libc v0.2.68
[INFO] [stderr]     Checking log v0.4.8
[INFO] [stderr]     Checking getrandom v0.1.14
[INFO] [stderr]     Checking net2 v0.2.33
[INFO] [stderr]     Checking rand_os v0.1.3
[INFO] [stderr]     Checking twoway v0.1.8
[INFO] [stderr]     Checking buf_redux v0.8.4
[INFO] [stderr]     Checking log v0.3.9
[INFO] [stderr]     Checking want v0.3.0
[INFO] [stderr]     Checking rand_core v0.5.1
[INFO] [stderr]     Checking mime_guess v2.0.3
[INFO] [stderr]    Compiling unicase v1.4.2
[INFO] [stderr]     Checking rand v0.6.5
[INFO] [stderr]     Checking mio v0.6.21
[INFO] [stderr]     Checking mime v0.2.6
[INFO] [stderr]     Checking rand_chacha v0.2.2
[INFO] [stderr]    Compiling quote v1.0.3
[INFO] [stderr]    Compiling phf_shared v0.7.24
[INFO] [stderr]     Checking rand v0.7.3
[INFO] [stderr]    Compiling phf v0.7.24
[INFO] [stderr]    Compiling syn v1.0.17
[INFO] [stderr]     Checking idna v0.2.0
[INFO] [stderr]     Checking generic-array v0.12.3
[INFO] [stderr]     Checking block-buffer v0.7.3
[INFO] [stderr]     Checking digest v0.8.1
[INFO] [stderr]     Checking headers-core v0.2.0
[INFO] [stderr]     Checking http-body v0.3.1
[INFO] [stderr]     Checking sha-1 v0.8.2
[INFO] [stderr]     Checking headers v0.3.2
[INFO] [stderr]     Checking url v2.1.1
[INFO] [stderr]     Checking tempfile v3.1.0
[INFO] [stderr]    Compiling phf_generator v0.7.24
[INFO] [stderr]     Checking tungstenite v0.10.1
[INFO] [stderr]    Compiling phf_codegen v0.7.24
[INFO] [stderr]    Compiling mime_guess v1.8.8
[INFO] [stderr]     Checking multipart v0.16.1
[INFO] [stderr]     Checking serde_urlencoded v0.6.1
[INFO] [stderr]     Checking serde_json v1.0.51
[INFO] [stderr]    Compiling futures-macro v0.3.4
[INFO] [stderr]    Compiling tokio-macros v0.2.5
[INFO] [stderr]    Compiling pin-project-internal v0.4.8
[INFO] [stderr]    Compiling serde_derive v1.0.106
[INFO] [stderr]     Checking tokio v0.2.17
[INFO] [stderr]     Checking futures-util v0.3.4
[INFO] [stderr]     Checking pin-project v0.4.8
[INFO] [stderr]     Checking futures-executor v0.3.4
[INFO] [stderr]     Checking futures v0.3.4
[INFO] [stderr]     Checking tokio-util v0.3.1
[INFO] [stderr]     Checking tokio-tungstenite v0.10.1
[INFO] [stderr]     Checking h2 v0.2.4
[INFO] [stderr]     Checking hyper v0.13.4
[INFO] [stderr]     Checking warp v0.2.2
[INFO] [stderr]     Checking tv-remote v0.1.0 (/opt/rustwide/workdir)
[INFO] [stdout] error[E0433]: failed to resolve: could not find `um` in `winapi`
[INFO] [stdout]  --> src/main.rs:2:13
[INFO] [stdout]   |
[INFO] [stdout] 2 | use winapi::um::winuser::{self as wu, SendInput, INPUT};
[INFO] [stdout]   |             ^^ could not find `um` in `winapi`
[INFO] [stdout] 
[INFO] [stdout] 
[INFO] [stdout] error[E0432]: unresolved import `winapi::um`
[INFO] [stdout]  --> src/main.rs:2:13
[INFO] [stdout]   |
[INFO] [stdout] 2 | use winapi::um::winuser::{self as wu, SendInput, INPUT};
[INFO] [stdout]   |             ^^ could not find `um` in `winapi`
[INFO] [stdout] 
[INFO] [stdout] 
[INFO] [stdout] error[E0412]: cannot find type `INPUT` in this scope
[INFO] [stdout]   --> src/main.rs:76:41
[INFO] [stdout]    |
[INFO] [stdout] 76 |     fn mk_key(code: i32, flags: u32) -> INPUT {
[INFO] [stdout]    |                                         ^^^^^ not found in this scope
[INFO] [stdout] 
[INFO] [stdout] 
[INFO] [stdout] error[E0412]: cannot find type `INPUT` in this scope
[INFO] [stdout]   --> src/main.rs:78:48
[INFO] [stdout]    |
[INFO] [stdout] 76 |     fn mk_key(code: i32, flags: u32) -> INPUT {
[INFO] [stdout]    |              - help: you might be missing a type parameter: `<INPUT>`
[INFO] [stdout] 77 |         unsafe {
[INFO] [stdout] 78 |             let mut input = std::mem::zeroed::<INPUT>();
[INFO] [stdout]    |                                                ^^^^^ not found in this scope
[INFO] [stdout] 
[INFO] [stdout] 
[INFO] [stdout] error[E0425]: cannot find function, tuple struct or tuple variant `SendInput` in this scope
[INFO] [stdout]    --> src/main.rs:105:9
[INFO] [stdout]     |
[INFO] [stdout] 105 |         SendInput(
[INFO] [stdout]     |         ^^^^^^^^^ not found in this scope
[INFO] [stdout] 
[INFO] [stdout] 
[INFO] [stdout] error[E0412]: cannot find type `INPUT` in this scope
[INFO] [stdout]    --> src/main.rs:107:33
[INFO] [stdout]     |
[INFO] [stdout] 75  | fn send_key(key: &str) {
[INFO] [stdout]     |            - help: you might be missing a type parameter: `<INPUT>`
[INFO] [stdout] ...
[INFO] [stdout] 107 |             std::mem::size_of::<INPUT>() as _)
[INFO] [stdout]     |                                 ^^^^^ not found in this scope
[INFO] [stdout] 
[INFO] [stdout] 
[INFO] [stdout] error: aborting due to 6 previous errors
[INFO] [stdout] 
[INFO] [stdout] 
[INFO] [stdout] Some errors have detailed explanations: E0412, E0425, E0432, E0433.
[INFO] [stdout] 
[INFO] [stdout] For more information about an error, try `rustc --explain E0412`.
[INFO] [stdout] 
[INFO] [stderr] error: could not compile `tv-remote`.
[INFO] [stderr] 
[INFO] [stderr] To learn more, run the command again with --verbose.
[INFO] [stderr] warning: build failed, waiting for other jobs to finish...
[INFO] [stdout] error[E0433]: failed to resolve: could not find `um` in `winapi`
[INFO] [stdout]  --> src/main.rs:2:13
[INFO] [stdout]   |
[INFO] [stdout] 2 | use winapi::um::winuser::{self as wu, SendInput, INPUT};
[INFO] [stdout]   |             ^^ could not find `um` in `winapi`
[INFO] [stdout] 
[INFO] [stdout] 
[INFO] [stdout] error[E0432]: unresolved import `winapi::um`
[INFO] [stdout]  --> src/main.rs:2:13
[INFO] [stdout]   |
[INFO] [stdout] 2 | use winapi::um::winuser::{self as wu, SendInput, INPUT};
[INFO] [stdout]   |             ^^ could not find `um` in `winapi`
[INFO] [stdout] 
[INFO] [stdout] 
[INFO] [stdout] error[E0412]: cannot find type `INPUT` in this scope
[INFO] [stdout]   --> src/main.rs:76:41
[INFO] [stdout]    |
[INFO] [stdout] 76 |     fn mk_key(code: i32, flags: u32) -> INPUT {
[INFO] [stdout]    |                                         ^^^^^ not found in this scope
[INFO] [stdout] 
[INFO] [stdout] 
[INFO] [stdout] error[E0412]: cannot find type `INPUT` in this scope
[INFO] [stdout]   --> src/main.rs:78:48
[INFO] [stdout]    |
[INFO] [stdout] 76 |     fn mk_key(code: i32, flags: u32) -> INPUT {
[INFO] [stdout]    |              - help: you might be missing a type parameter: `<INPUT>`
[INFO] [stdout] 77 |         unsafe {
[INFO] [stdout] 78 |             let mut input = std::mem::zeroed::<INPUT>();
[INFO] [stdout]    |                                                ^^^^^ not found in this scope
[INFO] [stdout] 
[INFO] [stdout] 
[INFO] [stdout] error[E0425]: cannot find function, tuple struct or tuple variant `SendInput` in this scope
[INFO] [stdout]    --> src/main.rs:105:9
[INFO] [stdout]     |
[INFO] [stdout] 105 |         SendInput(
[INFO] [stdout]     |         ^^^^^^^^^ not found in this scope
[INFO] [stdout] 
[INFO] [stdout] 
[INFO] [stdout] error[E0412]: cannot find type `INPUT` in this scope
[INFO] [stdout]    --> src/main.rs:107:33
[INFO] [stdout]     |
[INFO] [stdout] 75  | fn send_key(key: &str) {
[INFO] [stdout]     |            - help: you might be missing a type parameter: `<INPUT>`
[INFO] [stdout] ...
[INFO] [stdout] 107 |             std::mem::size_of::<INPUT>() as _)
[INFO] [stdout]     |                                 ^^^^^ not found in this scope
[INFO] [stdout] 
[INFO] [stdout] 
[INFO] [stdout] error: aborting due to 6 previous errors
[INFO] [stdout] 
[INFO] [stdout] 
[INFO] [stdout] Some errors have detailed explanations: E0412, E0425, E0432, E0433.
[INFO] [stdout] 
[INFO] [stdout] For more information about an error, try `rustc --explain E0412`.
[INFO] [stdout] 
[INFO] [stderr] error: build failed
[INFO] running `Command { std: "docker" "inspect" "2669eec9bd7bd29c0bc5425534389262ef5aaf0defadaa85d5811044fd472fca", kill_on_drop: false }`
[INFO] running `Command { std: "docker" "rm" "-f" "2669eec9bd7bd29c0bc5425534389262ef5aaf0defadaa85d5811044fd472fca", kill_on_drop: false }`
[INFO] [stdout] 2669eec9bd7bd29c0bc5425534389262ef5aaf0defadaa85d5811044fd472fca
